 the highest common divisor of 15453 and 153.
153
What is the highest common divisor of 3740 and 1166?
22
What is the highest common factor of 23084 and 116?
116
What is the greatest common factor of 76130 and 230?
230
What is the highest common factor of 40717 and 133?
19
Calculate the greatest common divisor of 217224 and 112.
56
Calculate the greatest common factor of 12312 and 5184.
648
Calculate the greatest common factor of 425 and 27370.
85
Calculate the highest common divisor of 55 and 348843.
11
Calculate the greatest common factor of 828 and 438196.
92
Calculate the highest common divisor of 669499 and 856.
107
What is the highest common divisor of 10319622 and 114?
114
Calculate the highest common divisor of 1142 and 746297.
571
Calculate the greatest common divisor of 209350 and 675.
25
What is the highest common divisor of 62 and 52142?
62
Calculate the highest common divisor of 763941 and 3.
3
What is the greatest common divisor of 15544 and 122744?
536
Calculate the greatest common factor of 636356 and 532.
28
What is the highest common factor of 896254 and 1918?
274
What is the highest common factor of 4267 and 16303?
17
What is the greatest common divisor of 87889 and 1473?
491
What is the highest common divisor of 39672 and 18328?
232
Calculate the highest common factor of 17659137 and 1011.
1011
What is the highest common factor of 25370 and 1180?
590
Calculate the highest common factor of 589 and 672049.
589
Calculate the greatest common factor of 342 and 38133.
171
Calculate the highest common divisor of 655 and 1222099.
131
Calculate the highest common divisor of 66096 and 5589.
243
Calculate the greatest common divisor of 73 and 168557.
73
Calculate the greatest common divisor of 756510 and 5511.
501
What is the greatest common divisor of 20674 and 2?
2
Calculate the highest common divisor of 23 and 370530.
23
What is the highest common divisor of 21696 and 54528?
192
Calculate the greatest common divisor of 154109 and 266.
19
Calculate the highest common factor of 1448654 and 916.
458
Calculate the highest common divisor of 3271918 and 61.
61
Calculate the greatest common divisor of 3166820 and 220.
20
Calculate the greatest common divisor of 2570370 and 660.
330
What is the highest common factor of 69355 and 715?
715
What is the greatest common divisor of 414 and 3037725?
207
Calculate the greatest common divisor of 976 and 211609.
61
What is the highest common factor of 268476 and 1092?
156
What is the greatest common divisor of 16394 and 32?
2
What is the highest common factor of 10 and 1855?
5
What is the highest common factor of 678 and 17284254?
678
What is the greatest common factor of 300003 and 33?
33
What is the greatest common factor of 156234 and 104?
26
Calculate the greatest common divisor of 504 and 815976.
504
What is the highest common divisor of 14 and 6085058?
14
Calculate the greatest common factor of 2464 and 1144.
88
Calculate the highest common factor of 40 and 7528.
8
What is the highest common factor of 610 and 85766?
122
Calculate the greatest common factor of 3585 and 15296.
239
What is the highest common divisor of 1447613 and 746?
373
Calculate the highest common factor of 58 and 53273.
29
What is the greatest common divisor of 9 and 5625?
9
Calculate the greatest common factor of 23120 and 80.
80
What is the highest common factor of 6698 and 544?
34
What is the highest common divisor of 259 and 1712027?
37
Calculate the greatest common divisor of 1561 and 58872.
223
Calculate the highest common divisor of 132 and 3580764.
132
Calculate the greatest common divisor of 150172 and 1078.
22
Calculate the highest common factor of 122 and 278.
2
What is the greatest common factor of 15 and 218775?
15
Calculate the greatest common factor of 6 and 61443.
3
What is the highest common factor of 13 and 12718758?
13
Calculate the greatest common factor of 32 and 2164.
4
Calculate the greatest common factor of 47474 and 322.
14
What is the greatest common factor of 43611 and 3?
3
What is the highest common divisor of 532 and 2964?
76
Calculate the highest common factor of 380 and 312740.
380
What is the greatest common divisor of 91035 and 42?
21
Calculate the greatest common divisor of 80 and 192592.
16
Calculate the greatest common factor of 2 and 448124.
2
Calculate the highest common factor of 183 and 399.
3
Calculate the greatest common divisor of 310 and 65410.
310
What is the greatest common divisor of 428 and 5457?
107
Calculate the greatest common factor of 119 and 16079.
7
Calculate the greatest common divisor of 203310 and 250.
10
Calculate the greatest common divisor of 10137 and 2289.
327
Calculate the greatest common divisor of 444 and 8904.
12
Calculate the greatest common factor of 55573 and 833.
119
What is the highest common divisor of 1183 and 1918?
7
Calculate the greatest common divisor of 768 and 54996.
12
What is the greatest common divisor of 24 and 57372?
12
Calculate the highest common divisor of 353323 and 274.
137
Calculate the greatest common factor of 13398 and 13224.
174
Calculate the highest common factor of 415170 and 4095.
315
Calculate the greatest common divisor of 1750 and 191800.
350
Calculate the highest common divisor of 444 and 144966.
222
What is the greatest common divisor of 546 and 202384?
182
Calculate the highest common factor of 603 and 22981.
67
What is the greatest common divisor of 12 and 386244?
12
What is the greatest common divisor of 501 and 228957?
501
Calculate the highest common divisor of 9009 and 468.
117
Calculate the greatest common divisor of 340490 and 60.
10
What is the greatest common divisor of 24 and 135656?
8
What is the highest common factor of 55 and 574625?
5
Calculate the greatest common divisor of 1139 and 68.
17
Calculate the highest common factor of 630 and 10215.
45
What is the greatest common factor of 65223 and 9?
9
What is the highest common divisor of 1189 and 6?
1
What is the greatest common divisor of 148 and 674029?
37
What is the highest common divisor of 4014 and 10481?
223
Calculate the highest common factor of 115501 and 19.
19
What is the highest common factor of 3193 and 162534?
103
What is the greatest common factor of 116496 and 288?
144
What is the highest common divisor of 3180 and 960?
60
What is the greatest common divisor of 70968 and 48?
24
What is the greatest common factor of 18 and 438462?
18
What is the greatest common factor of 328 and 123?
41
Calculate the greatest common factor of 11344 and 40.
8
What is the greatest common factor of 1911 and 17563?
91
What is the highest common factor of 35 and 116585?
35
Calculate the highest common divisor of 836 and 180500.
76
What is the highest common divisor of 313825 and 75?
25
Calculate the highest common divisor of 19968 and 2304.
768
Calculate the highest common factor of 45 and 3384.
9
What is the highest common divisor of 4972392 and 72?
72
Calculate the greatest common factor of 85346 and 1228.
614
Calculate the highest common divisor of 1896 and 29625.
237
What is the highest common factor of 1468396 and 8?
4
What is the highest common factor of 3965 and 252845?
305
What is the highest common factor of 92 and 149132?
92
What is the greatest common divisor of 1020 and 1745?
5
What is the highest common factor of 98 and 35623?
49
What is the greatest common factor of 55647 and 972?
243
What is the highest common factor of 4329 and 598?
13
Calculate the greatest common factor of 23814 and 1176.
294
What is the highest common factor of 160 and 37280?
160
Calculate the highest common factor of 4329 and 819.
117
What is the greatest common factor of 22491 and 1224?
153
Calculate the highest common factor of 208 and 41144.
8
Calculate the highest common factor of 849977 and 1588.
397
What is the greatest common divisor of 230731 and 179?
179
Calculate the highest common factor of 11880 and 209.
11
What is the highest common factor of 262 and 1019?
1
Calculate the highest common divisor of 349203 and 387.
129
Calculate the highest common factor of 627 and 1462677.
57
Calculate the highest common factor of 143 and 387673.
143
What is the greatest common factor of 28804 and 209?
19
What is the highest common factor of 78669 and 9?
9
What is the highest commo